= -590 - -850. List the prime factors of d.
2, 5, 13
Let x be (0 + -6 - -2) + 2. Let g = x - -6. Suppose -3*c = -g*c + 10. What are the prime factors of c?
2, 5
Suppose 1 + 1 = d. Let c be (4/8)/((-2)/(-48)). What are the prime factors of c - 2*3/d?
3
Let m = 61 + -7. What are the prime factors of m?
2, 3
Let s(a) = -a**3 + a**2 + 5*a - 2. Let z = -6 - -9. Let m be s(z). What are the prime factors of (12/m)/((-15)/100)?
2
Let b(o) = 13*o**3 - o**2 - 4. Let y(m) = 7*m**3 - m**2 - 2. Let f(i) = -6*b(i) + 11*y(i). Let l be f(-4). List the prime factors of 4/l + 204/28.
7
Let s(n) be the second derivative of n**4/6 - 3*n**3/2 + 4*n**2 - 5*n. List the prime factors of s(6).
2, 13
Suppose -2*p = 2*u + 2 - 0, -4*p = 0. What are the prime factors of u*(-1)/(1/10)?
2, 5
Suppose -8 = -0*t - t - 5*g, 4*t - 2*g = 10. Let w be (-21)/14*(-4)/t. Suppose -2 = -w*j + 30. List the prime factors of j.
2
Suppose 1 = -y - s, -4 - 12 = 4*y + s. Let h be -3*((-20)/3)/y. What are the prime factors of (2/h)/((-4)/32)?
2
Suppose -10 = -2*s - 8. Let j = s + 32. List the prime factors of j.
3, 11
Suppose 0 = 2*r - 7*r + 365. List the prime factors of r.
73
Let i = -166 + 259. Suppose 3*n + 3*r - i = 0, -5*n + 98 = -2*n + 4*r. List the prime factors of n.
2, 13
Let y be 212/6*27/18. Suppose -3*b + y = 3*z + z, 0 = 3*z + 3*b - 36. What are the prime factors of z?
17
Suppose -3*r - 20 = -4*t, 5*r + 3 = -t - 15. Suppose 0 = 3*p - 2*f + f - 8, f = p - t. Let y = 5 - p. What are the prime factors of y?
2
Suppose -4*l + 331 = 4*q + q, -4*q = -5*l + 383. What are the prime factors of l?
79
Let a be 3/9 + 10/6. List the prime factors of (a - 1)*(16 + -3).
13
Let s(j) = -j**3 - 16*j**2 - 9*j - 4. Let q be s(-16). Suppose 3*h = -53 + q. What are the prime factors of h?
29
Let z = -4 + 4. Suppose z = -2*a + 2 - 6. List the prime factors of -1 + 11/1 + a.
2
Let t be 4420/50 - (-2)/(-5). Suppose 3*l - 42 - t = -s, -3*l + s = -134. What are the prime factors of l?
2, 11
Suppose -g = 4*g - 10. Let f be (-16)/12*(-6)/g. Suppose 2*d = v, 2*v - f - 4 = 0. What are the prime factors of d?
2
Let d(p) = 6*p**2 - 2*p + 1. Let t be d(1). Suppose t*x + 0*x + i + 6 = 0, 3*x = -3*i + 6. What are the prime factors of -1*x/(-2)*-6?
2, 3
Suppose -r + 2*k + 280 = 0, -r + 16 = 5*k - 292. List the prime factors of r.
2, 3
Let i be -2 + ((-3)/3 - 2). Let r be 1/i - 192/40. What are the prime factors of (-6)/(-15) - 38/r?
2
Let w = 118 + -60. List the prime factors of w.
2, 29
Let b(k) = 36*k**2 - k - 1. Let l be b(-2). List the prime factors of 8/(-32) - l/(-4).
2, 3
Suppose -2*o + 54 = 6. What are the prime factors of o?
2, 3
List the prime factors of (-1146)/9*1*(-15)/10.
191
Let w(n) = 0*n - 3 - 5*n**2 + n**3 + 6*n**2 - 4*n. Let v be w(-2). Suppose -c = 1 + v, -2*k + 5*c = -34. What are the prime factors of k?
2, 3
Suppose 0*z = 3*z + 6, 0 = 5*t + 5*z + 30. List the prime factors of t + 5 - (0 - 13).
2, 7
Let a = 105 - 63. Suppose -3*b - f + a = -b, -3*b - 2*f + 64 = 0. List the prime factors of b.
2, 5
Let x = 180 - 125. What are the prime factors of x?
5, 11
Let j(r) = -2*r. Let l(h) = -h**3 - 10*h**2 - 3. Let y be l(-10). What are the prime factors of j(y)?
2, 3
Suppose 13*v = 5*v + 184. List the prime factors of v.
23
Suppose 5*d + 2*s - 89 = 520, 3*s = -5*d + 606. What are the prime factors of d?
3, 41
Suppose -3*z - 107 = -5*p, p - z = 4*p - 53. What are the prime factors of p?
19
Let q = -10 - -13. List the prime factors of q.
3
Suppose 0 = -k - 4*k. Suppose 0 = -k*d - 2*d + 32. List the prime factors of d.
2
Suppose -316 = -5*k + k. What are the prime factors of k?
79
Suppose 3*c = -5*f + 756, f - 4*c - 78 - 87 = 0. What are the prime factors of f?
3, 17
Let o(s) = 9*s**2 + 17*s + 2. What are the prime factors of o(-3)?
2
Let u be (5 + -4)*(7 + -3). Suppose j + 55 = -u*g + 194, 151 = 4*g + 5*j. List the prime factors of g.
2, 17
Let c(i) be the first derivative of i**3/3 - 2*i**2 - 1. Suppose 3*o - 11 = -x, 4*o - 6*o = 3*x + 2. What are the prime factors of c(o)?
5
Suppose 0 = -x - 3*i + 8, x - 2*x + 18 = 5*i. Let a(s) = 2*s**2 + 9*s - 1. What are the prime factors of a(x)?
2, 17
Suppose -i + 10 = -5*q, 2*q + 6 = i - q. Suppose -3*g + 8 - 2 = i. List the prime factors of g.
2
Suppose 2*m + 2 = -2*z, 4*m + 26 = -m + 2*z. Let s = m - -10. List the prime factors of s.
2, 3
Suppose -4*v + 10 = -2*v. Suppose v = -5*n, -n = 2*l - 3*n - 46. What are the prime factors of l?
2, 11
Let a(p) = -3*p**2 + 2*p + 7*p - 4*p - 2 + 2*p**2. Let m be a(3). Suppose -m*s = -g + 3*g - 22, -5*s - 46 = -g. What are the prime factors of g?
3, 7
Let w = -46 + 84. Suppose 0 = -m - m + w. List the prime factors of m.
19
Suppose -5*q = -44 + 29. List the prime factors of q.
3
Let f = 38 + 6. What are the prime factors of f?
2, 11
Suppose 162 = 5*k + 2. List the prime factors of k.
2
Let l be -3 - (0 + -5 + -2). Let o = l + 3. List the prime factors of o.
7
What are the prime factors of (-4 - 18/(-4))*66?
3, 11
Let w be (7 - 4)/((-3)/4). Let h be w/(-6)*(-11 - -2). Let a = h + 8. What are the prime factors of a?
2
Let z(o) = 13*o - 3. List the prime factors of z(3).
2, 3
Suppose 0 = 44*t - 47*t + 237. List the prime factors of t.
79
Let h be ((-14)/35)/((-1)/10). Let l be 82/h - (-3)/6. Let n = l - 14. What are the prime factors of n?
7
Suppose b - 3*v - 35 = 0, 4*b = -4*v + 36 + 40. Let c = -8 + b. List the prime factors of c.
3, 5
List the prime factors of 0/(-2) - (1 + -90*1).
89
Let o be 2 - (-3 - -4) - -3. Suppose 2*y = 2*q + 38, 4*q - q = -o*y + 62. What are the prime factors of y?
17
Let l(u) = u + 8. Let f be l(-6). Suppose -f = -3*b + 34. List the prime factors of b.
2, 3
Let o(f) = f**2 - f - 4. Suppose w - 3 + 0 = 0. Let z be o(w). Suppose -j + z*j - 5 = 0. What are the prime factors of j?
5
Let r = -9 + 13. Suppose r*v + 280 = 5*t, -2*t + 4*v + 124 = -0*t. List the prime factors of t.
2, 13
Let m = -3 - -4. Suppose -27 = -2*r + m. Suppose v = -v + r. List the prime factors of v.
7
Let x(m) = -4*m - m**3 + 14*m**2 - m - 8*m**2. Let u be x(5). Suppose 3*i + 6*r - 2*r = 16, r - 1 = u. List the prime factors of i.
2
Let m be (12/(-9))/(4/(-210)). Suppose 5*a + 3*o - m = 0, -5*o + 36 = a - 0. Suppose -4*y = 4*d - y - a, -5*d + 16 = 3*y. List the prime factors of d.
5
Let j(k) = -k**3 - 4*k**2 + 5*k. Let q be j(-5). Suppose q*y = y. Suppose -l + y*l + 13 = 0. List the prime factors of l.
13
Let l = -5 - -5. Suppose l = 2*u + 2*u - 3*k - 22, -4*u - 4*k + 36 = 0. What are the prime factors of u?
7
What are the prime factors of ((-9)/(-2) - 4)*(167 + 1)?
2, 3, 7
Let s(x) = x**2 - 6*x + 2. Let k be ((-4)/5)/(2/(-15)). Let i be s(k). Suppose i*w - 2 = g, -4*w + 8 = 5*g - 10. List the prime factors of w.
2
Suppose -2*n - 3*n + 20 = 0. Let z = 17 - n. List the prime factors of z.
13
Let w(v) = -23*v - 8. Let r be w(-4). Let a = r + -58. List the prime factors of a.
2, 13
Suppose 22 + 58 = 5*p. Suppose 20 + p = 3*r. What are the prime factors of -2 + 0/2 + r?
2, 5
Let b(v) = -v**3 - 9*v**2 + 11*v - 3. Let i be b(-10). List the prime factors of 1*i*(4 - 5).
13
Let q = -2 - -3. Suppose 0*f + 2*f + 10 = -2*l, f - q = l. Let a = 5 + l. What are the prime factors of a?
2
Let t(o) = -o**2 + o + 31. What are the prime factors of t(0)?
31
Let b(d) = 5*d - 1. Let p be b(7). Let u = -54 - -31. Let l = p + u. List the prime factors of l.
11
Let k(p) = p**3 - 3*p**2 - 5*p + 3. Let r be k(5). Suppose -2*h - 3*l = -2*l - 4, 5*l + r = 2*h. Suppose 0*y = h*y - 44. What are the prime factors of y?
11
Let h = -2 + -13. Let l be ((-2)/3)/(2/h). List the prime factors of -4 + l - (-12 - -1).
2, 3
Let v = -52 - -75. List the prime factors of v.
23
Suppose -3*z - 2*z = -25. Suppose z*l - c - 36 = 0, -6*c + 3*c + 28 = 2*l. List the prime factors of l.
2
Suppose 0 = 6*t - 7*t + 1. Let q = 74 + -42. Suppose -3*v = 2*w + t, -2*v + q - 7 = 5*w. List the prime factors of w.
7
Let v(l) = 66*l**2 + 66*l + 66. Let f(q) = -5*q**2 - 5*q - 5. Let t(r) = -27*f(r) - 2*v(r). List the prime factors of t(-2).
3
Let b = 72 + -15. Suppose 9 = 3*s, b + 47 = 5*c - 2*s. List the prime factors of c.
2, 11
Let m(t) = -t**2 - 3*t + 5. Let g be m(-4). Suppose -d = -5*d - 16. Let h = g - d. List the prime factors of h.
5
Suppose 5*o + 26 = 3*g, g - 2 - 6 = o. What are 